{"id":11906,"date":"2026-03-12T18:21:30","date_gmt":"2026-03-12T18:21:30","guid":{"rendered":"https:\/\/avilaspaces.com\/events\/ia-na-pratica-formacao-solidaria-com-joao-pico\/"},"modified":"2026-03-12T18:21:30","modified_gmt":"2026-03-12T18:21:30","slug":"ia-na-pratica-formacao-solidaria-com-joao-pico","status":"publish","type":"avila_event","link":"https:\/\/avilaspaces.com\/pt\/events\/ia-na-pratica-formacao-solidaria-com-joao-pico\/","title":{"rendered":"IA na Pr\u00e1tica | Forma\u00e7\u00e3o Solid\u00e1ria com Jo\u00e3o Pico"},"content":{"rendered":"<p><!doctype html><br \/>\n<html lang=\"pt\"><br \/>\n  <head><br \/>\n    <meta charset=\"utf-8\" \/><br \/>\n    <meta name=\"viewport\" content=\"width=device-width,initial-scale=1\" \/><br \/>\n    <meta name=\"x-apple-disable-message-reformatting\" \/><br \/>\n    <title>IA na Pr\u00e1tica | Avila Spaces<\/title><br \/>\n  <\/head><\/p>\n<p>  <body style=\"margin:0; padding:0; background-color:#f3f6fb;\"><\/p>\n<table role=\"presentation\" width=\"100%\" cellspacing=\"0\" cellpadding=\"0\" border=\"0\" style=\"background-color:#f3f6fb;\">\n<tr>\n<td align=\"center\" style=\"padding:24px 12px;\">\n<table role=\"presentation\" width=\"600\" cellspacing=\"0\" cellpadding=\"0\" border=\"0\"\n                 style=\"width:600px; max-width:600px; background-color:#ffffff; border-radius:16px; overflow:hidden; box-shadow:0 6px 24px rgba(16,24,40,0.08);\"><\/p>\n<p>            <!-- Header --><\/p>\n<tr>\n<td style=\"padding:28px 28px 16px 28px; background:linear-gradient(135deg,#0b4ea2 0%, #3b82f6 100%);\">\n<div style=\"font-family: Arial, Helvetica, sans-serif; color:#ffffff;\">\n<div style=\"font-size:12px; letter-spacing:1px; text-transform:uppercase; opacity:0.9;\">\n                    Avila Spaces\n                  <\/div>\n<div style=\"font-size:30px; line-height:36px; font-weight:700; margin-top:8px;\">\n                    IA na Pr\u00e1tica\n                  <\/div>\n<div style=\"font-size:14px; line-height:20px; margin-top:8px; opacity:0.95;\">\n                    Forma\u00e7\u00e3o pr\u00e1tica em Intelig\u00eancia Artificial com impacto social\n                  <\/div>\n<\/p><\/div>\n<\/td>\n<\/tr>\n<p>            <!-- Body --><\/p>\n<tr>\n<td style=\"padding:22px 28px 8px 28px;\">\n<div style=\"font-family: Arial, Helvetica, sans-serif; color:#111827; font-size:15px; line-height:22px;\">\n<p style=\"margin:0 0 14px 0;\">\n                    O <strong>Avila Spaces<\/strong>, em parceria com <strong>Jo\u00e3o Pico<\/strong> da <strong>Comprimido<\/strong>,<br \/>\n                    promove a forma\u00e7\u00e3o <strong>\u201cIA na Pr\u00e1tica\u201d<\/strong>: uma iniciativa que combina capacita\u00e7\u00e3o em Intelig\u00eancia Artificial com impacto social.\n                  <\/p>\n<p style=\"margin:0 0 14px 0;\">\n                    <strong>A forma\u00e7\u00e3o ser\u00e1 ministrada em portugu\u00eas.<\/strong>\n                  <\/p>\n<p style=\"margin:0 0 14px 0;\">\n                    \ud83d\udc99 <strong>100% do valor das inscri\u00e7\u00f5es reverte para a C\u00e1ritas<\/strong>, apoiando o<br \/>\n                    <strong>Fundo de Emerg\u00eancia Social de Apoio \u00e0s V\u00edtimas da Tempestade Kristin<\/strong>, em Leiria.\n                  <\/p>\n<p style=\"margin:0 0 16px 0;\">\n                    Uma oportunidade para aprofundar conhecimentos em IA e, ao mesmo tempo, contribuir para uma causa relevante.\n                  <\/p>\n<\/p><\/div>\n<\/td>\n<\/tr>\n<p>            <!-- Event details --><\/p>\n<tr>\n<td style=\"padding:0 28px 18px 28px;\">\n<table role=\"presentation\" width=\"100%\" cellspacing=\"0\" cellpadding=\"0\" border=\"0\"\n                       style=\"background-color:#f8fafc; border:1px solid #e5e7eb; border-radius:12px;\"><\/p>\n<tr>\n<td style=\"padding:16px 16px;\">\n<div style=\"font-family: Arial, Helvetica, sans-serif; color:#111827; font-size:14px; line-height:20px;\">\n<div style=\"margin:0 0 6px 0;\"><strong>\ud83d\udcc5 Data:<\/strong> 02 de mar\u00e7o<\/div>\n<div style=\"margin:0 0 6px 0;\"><strong>\ud83d\udd58 Hor\u00e1rio:<\/strong> 09h &#8211; 18h<\/div>\n<div style=\"margin:0 0 6px 0;\"><strong>\ud83d\udccd Local:<\/strong> Avila Spaces &#8211; Atrium Saldanha<\/div>\n<div style=\"margin:0;\"><strong>\ud83c\udf0d Idioma:<\/strong> Portugu\u00eas<\/div>\n<\/p><\/div>\n<\/td>\n<\/tr>\n<\/table>\n<\/td>\n<\/tr>\n<p>            <!-- CTA --><\/p>\n<tr>\n<td align=\"center\" style=\"padding:0 28px 22px 28px;\">\n                <a href=\"https:\/\/comprimido.pt\/leiria\/\" style=\"display:inline-block; font-family: Arial, Helvetica, sans-serif; font-size:14px; font-weight:700;\n                          color:#ffffff; text-decoration:none; background-color:#0b4ea2; padding:12px 18px; border-radius:10px;\" target=\"_blank\" rel=\"noopener\"><br \/>\n                  \ud83d\udc49 Inscri\u00e7\u00f5es e programa<br \/>\n                <\/a><\/p>\n<div style=\"font-family: Arial, Helvetica, sans-serif; font-size:12px; line-height:18px; color:#6b7280; margin-top:10px;\">\n<blockquote class=\"wp-embedded-content\" data-secret=\"pMGqZCiYC1\"><p><a href=\"https:\/\/comprimido.pt\/leiria\/\" target=\"_blank\" rel=\"noopener\">Leiria<\/a><\/p><\/blockquote>\n<p><iframe class=\"wp-embedded-content\" sandbox=\"allow-scripts\" security=\"restricted\" style=\"position: absolute; visibility: hidden;\" title=\"&#8220;Leiria&#8221; &#8212; \" src=\"https:\/\/comprimido.pt\/leiria\/embed\/#?secret=abeQJnStfx#?secret=pMGqZCiYC1\" data-secret=\"pMGqZCiYC1\" width=\"600\" height=\"338\" frameborder=\"0\" marginwidth=\"0\" marginheight=\"0\" scrolling=\"no\"><\/iframe>\n                <\/div>\n<\/td>\n<\/tr>\n<p>            <!-- Footer --><\/p>\n<tr>\n<td style=\"padding:18px 28px 26px 28px; border-top:1px solid #e5e7eb;\">\n<div style=\"font-family: Arial, Helvetica, sans-serif; font-size:12px; line-height:18px; color:#6b7280;\">\n                  Avila Spaces \u2022 Atrium Saldanha\n                <\/div>\n<\/td>\n<\/tr>\n<\/table>\n<\/td>\n<\/tr>\n<\/table>\n<p>  <\/body><br \/>\n<\/html><\/p>\n","protected":false},"featured_media":11908,"template":"","class_list":["post-11906","avila_event","type-avila_event","status-publish","has-post-thumbnail","hentry"],"acf":[],"_links":{"self":[{"href":"https:\/\/avilaspaces.com\/pt\/wp-json\/wp\/v2\/avila_event\/11906","targetHints":{"allow":["GET"]}}],"collection":[{"href":"https:\/\/avilaspaces.com\/pt\/wp-json\/wp\/v2\/avila_event"}],"about":[{"href":"https:\/\/avilaspaces.com\/pt\/wp-json\/wp\/v2\/types\/avila_event"}],"wp:featuredmedia":[{"embeddable":true,"href":"https:\/\/avilaspaces.com\/pt\/wp-json\/wp\/v2\/media\/11908"}],"wp:attachment":[{"href":"https:\/\/avilaspaces.com\/pt\/wp-json\/wp\/v2\/media?parent=11906"}],"curies":[{"name":"wp","href":"https:\/\/api.w.org\/{rel}","templated":true}]}}

IA na Prática | Formação Solidária com João Pico

<p><!doctype html><br />
<html lang="pt"><br />
  <head><br />
    <meta charset="utf-8" /><br />
    <meta name="viewport" content="width=device-width,initial-scale=1" /><br />
    <meta name="x-apple-disable-message-reformatting" /><br />
    <title>IA na Prática | Avila Spaces</title><br />
  </head></p>
<p>  <body style="margin:0; padding:0; background-color:#f3f6fb;"></p>
<table role="presentation" width="100%" cellspacing="0" cellpadding="0" border="0" style="background-color:#f3f6fb;">
<tr>
<td align="center" style="padding:24px 12px;">
<table role="presentation" width="600" cellspacing="0" cellpadding="0" border="0"
                 style="width:600px; max-width:600px; background-color:#ffffff; border-radius:16px; overflow:hidden; box-shadow:0 6px 24px rgba(16,24,40,0.08);"></p>
<p>            <!-- Header --></p>
<tr>
<td style="padding:28px 28px 16px 28px; background:linear-gradient(135deg,#0b4ea2 0%, #3b82f6 100%);">
<div style="font-family: Arial, Helvetica, sans-serif; color:#ffffff;">
<div style="font-size:12px; letter-spacing:1px; text-transform:uppercase; opacity:0.9;">
                    Avila Spaces
                  </div>
<div style="font-size:30px; line-height:36px; font-weight:700; margin-top:8px;">
                    IA na Prática
                  </div>
<div style="font-size:14px; line-height:20px; margin-top:8px; opacity:0.95;">
                    Formação prática em Inteligência Artificial com impacto social
                  </div>
</p></div>
</td>
</tr>
<p>            <!-- Body --></p>
<tr>
<td style="padding:22px 28px 8px 28px;">
<div style="font-family: Arial, Helvetica, sans-serif; color:#111827; font-size:15px; line-height:22px;">
<p style="margin:0 0 14px 0;">
                    O <strong>Avila Spaces</strong>, em parceria com <strong>João Pico</strong> da <strong>Comprimido</strong>,<br />
                    promove a formação <strong>“IA na Prática”</strong>: uma iniciativa que combina capacitação em Inteligência Artificial com impacto social.
                  </p>
<p style="margin:0 0 14px 0;">
                    <strong>A formação será ministrada em português.</strong>
                  </p>
<p style="margin:0 0 14px 0;">
                    💙 <strong>100% do valor das inscrições reverte para a Cáritas</strong>, apoiando o<br />
                    <strong>Fundo de Emergência Social de Apoio às Vítimas da Tempestade Kristin</strong>, em Leiria.
                  </p>
<p style="margin:0 0 16px 0;">
                    Uma oportunidade para aprofundar conhecimentos em IA e, ao mesmo tempo, contribuir para uma causa relevante.
                  </p>
</p></div>
</td>
</tr>
<p>            <!-- Event details --></p>
<tr>
<td style="padding:0 28px 18px 28px;">
<table role="presentation" width="100%" cellspacing="0" cellpadding="0" border="0"
                       style="background-color:#f8fafc; border:1px solid #e5e7eb; border-radius:12px;"></p>
<tr>
<td style="padding:16px 16px;">
<div style="font-family: Arial, Helvetica, sans-serif; color:#111827; font-size:14px; line-height:20px;">
<div style="margin:0 0 6px 0;"><strong>📅 Data:</strong> 02 de março</div>
<div style="margin:0 0 6px 0;"><strong>🕘 Horário:</strong> 09h &#8211; 18h</div>
<div style="margin:0 0 6px 0;"><strong>📍 Local:</strong> Avila Spaces &#8211; Atrium Saldanha</div>
<div style="margin:0;"><strong>🌍 Idioma:</strong> Português</div>
</p></div>
</td>
</tr>
</table>
</td>
</tr>
<p>            <!-- CTA --></p>
<tr>
<td align="center" style="padding:0 28px 22px 28px;">
                <a href="https://comprimido.pt/leiria/" style="display:inline-block; font-family: Arial, Helvetica, sans-serif; font-size:14px; font-weight:700;
                          color:#ffffff; text-decoration:none; background-color:#0b4ea2; padding:12px 18px; border-radius:10px;" target="_blank" rel="noopener"><br />
                  👉 Inscrições e programa<br />
                </a></p>
<div style="font-family: Arial, Helvetica, sans-serif; font-size:12px; line-height:18px; color:#6b7280; margin-top:10px;">
<blockquote class="wp-embedded-content" data-secret="pMGqZCiYC1"><p><a href="https://comprimido.pt/leiria/" target="_blank" rel="noopener">Leiria</a></p></blockquote>
<p><iframe class="wp-embedded-content" sandbox="allow-scripts" security="restricted" style="position: absolute; visibility: hidden;" title="&#8220;Leiria&#8221; &#8212; " src="https://comprimido.pt/leiria/embed/#?secret=abeQJnStfx#?secret=pMGqZCiYC1" data-secret="pMGqZCiYC1" width="600" height="338" frameborder="0" marginwidth="0" marginheight="0" scrolling="no"></iframe>
                </div>
</td>
</tr>
<p>            <!-- Footer --></p>
<tr>
<td style="padding:18px 28px 26px 28px; border-top:1px solid #e5e7eb;">
<div style="font-family: Arial, Helvetica, sans-serif; font-size:12px; line-height:18px; color:#6b7280;">
                  Avila Spaces • Atrium Saldanha
                </div>
</td>
</tr>
</table>
</td>
</tr>
</table>
<p>  </body><br />
</html></p>
