{"id":60374,"date":"2026-08-10T15:12:29","date_gmt":"2026-08-10T15:12:29","guid":{"rendered":"https:\/\/avilaspaces.com\/events\/avila-insight-talks-como-fazer-com-que-a-sua-empresa-seja-recomendada-pelas-ia-e-dominar-as-pesquisas-locais-2\/"},"modified":"2026-08-26T09:52:58","modified_gmt":"2026-08-26T09:52:58","slug":"avila-insight-talks-como-fazer-com-que-a-sua-empresa-seja-recomendada-pelas-ia-e-dominar-as-pesquisas-locais","status":"publish","type":"avila_event","link":"https:\/\/avilaspaces.com\/pt\/eventos\/avila-insight-talks-como-fazer-com-que-a-sua-empresa-seja-recomendada-pelas-ia-e-dominar-as-pesquisas-locais\/","title":{"rendered":"Avila Insight Talks"},"content":{"rendered":"<h2>Avila Insight Talks: Como fazer com que a sua empresa seja recomendada pelas IA e dominar as pesquisas locais?<\/h2>\n<p>\nA Intelig\u00eancia Artificial est\u00e1 a transformar a forma como as pessoas pesquisam, descobrem e escolhem empresas. Como garantir que a sua marca \u00e9 encontrada e recomendada neste novo cen\u00e1rio?\n<\/p>\n<p>\nNesta edi\u00e7\u00e3o dos <strong>Avila Insight Talks<\/strong>, <strong>Daniel Risi, CX Strategy Advisor, e Ant\u00f3nio Vicente, Business Development Executive<\/strong>, v\u00e3o partilhar estrat\u00e9gias para melhorar a presen\u00e7a das empresas nas pesquisas locais e aumentar a sua visibilidade nas ferramentas de Intelig\u00eancia Artificial.\n<\/p>\n<p>\nA sess\u00e3o \u00e9 dirigida a <strong>empres\u00e1rios, empreendedores e profissionais de marketing, comunica\u00e7\u00e3o, vendas e business development<\/strong> que pretendam compreender como a IA est\u00e1 a mudar a descoberta de empresas e marcas online.\n<\/p>\n<p>\nAp\u00f3s a conversa, haver\u00e1 um momento de <strong>networking com comida e bebidas<\/strong>, para trocar ideias, conhecer outros profissionais e criar novas liga\u00e7\u00f5es.\n<\/p>\n<p>\n<strong>Data:<\/strong> 24 de setembro<br \/>\n<strong>Hor\u00e1rio:<\/strong> 18h00<br \/>\n<strong>Local:<\/strong> Avila Atrium<br \/>\n<strong>Participa\u00e7\u00e3o:<\/strong> Gratuita mediante inscri\u00e7\u00e3o<\/p>\n","protected":false},"featured_media":56395,"template":"","avila_organiser":[],"event_type":[127],"class_list":["post-60374","avila_event","type-avila_event","status-publish","has-post-thumbnail","hentry","event_type-avila-network-club"],"acf":[],"_links":{"self":[{"href":"https:\/\/avilaspaces.com\/pt\/wp-json\/wp\/v2\/avila_event\/60374","targetHints":{"allow":["GET"]}}],"collection":[{"href":"https:\/\/avilaspaces.com\/pt\/wp-json\/wp\/v2\/avila_event"}],"about":[{"href":"https:\/\/avilaspaces.com\/pt\/wp-json\/wp\/v2\/types\/avila_event"}],"wp:featuredmedia":[{"embeddable":true,"href":"https:\/\/avilaspaces.com\/pt\/wp-json\/wp\/v2\/media\/56395"}],"wp:attachment":[{"href":"https:\/\/avilaspaces.com\/pt\/wp-json\/wp\/v2\/media?parent=60374"}],"wp:term":[{"taxonomy":"avila_organiser","embeddable":true,"href":"https:\/\/avilaspaces.com\/pt\/wp-json\/wp\/v2\/avila_organiser?post=60374"},{"taxonomy":"event_type","embeddable":true,"href":"https:\/\/avilaspaces.com\/pt\/wp-json\/wp\/v2\/event_type?post=60374"}],"curies":[{"name":"wp","href":"https:\/\/api.w.org\/{rel}","templated":true}]}}

<h2>Avila Insight Talks: Como fazer com que a sua empresa seja recomendada pelas IA e dominar as pesquisas locais?</h2>
<p>
A Inteligência Artificial está a transformar a forma como as pessoas pesquisam, descobrem e escolhem empresas. Como garantir que a sua marca é encontrada e recomendada neste novo cenário?
</p>
<p>
Nesta edição dos <strong>Avila Insight Talks</strong>, <strong>Daniel Risi, CX Strategy Advisor, e António Vicente, Business Development Executive</strong>, vão partilhar estratégias para melhorar a presença das empresas nas pesquisas locais e aumentar a sua visibilidade nas ferramentas de Inteligência Artificial.
</p>
<p>
A sessão é dirigida a <strong>empresários, empreendedores e profissionais de marketing, comunicação, vendas e business development</strong> que pretendam compreender como a IA está a mudar a descoberta de empresas e marcas online.
</p>
<p>
Após a conversa, haverá um momento de <strong>networking com comida e bebidas</strong>, para trocar ideias, conhecer outros profissionais e criar novas ligações.
</p>
<p>
<strong>Data:</strong> 24 de setembro<br />
<strong>Horário:</strong> 18h00<br />
<strong>Local:</strong> Avila Atrium<br />
<strong>Participação:</strong> Gratuita mediante inscrição</p>
