{"id":4827,"date":"2025-09-11T18:20:41","date_gmt":"2025-09-11T18:20:41","guid":{"rendered":"https:\/\/avilaspaces.com\/avila-in-the-media\/"},"modified":"2026-02-04T18:05:56","modified_gmt":"2026-02-04T18:05:56","slug":"avila-nos-media","status":"publish","type":"page","link":"https:\/\/avilaspaces.com\/pt\/avila-nos-media\/","title":{"rendered":"Avila nos Media"},"content":{"rendered":"\t\t<div data-elementor-type=\"wp-page\" data-elementor-id=\"4827\" class=\"elementor elementor-4827 elementor-58\" data-elementor-post-type=\"page\">\n\t\t\t\t<div class=\"elementor-element elementor-element-cb21201 e-flex e-con-boxed e-con e-parent\" data-id=\"cb21201\" data-element_type=\"container\" data-e-type=\"container\">\n\t\t\t\t\t<div class=\"e-con-inner\">\n\t\t<div class=\"elementor-element elementor-element-9a07e2c e-con-full e-flex e-con e-child\" data-id=\"9a07e2c\" data-element_type=\"container\" data-e-type=\"container\">\n\t\t\t\t<div class=\"elementor-element elementor-element-f0cd2fe elementor-widget elementor-widget-heading\" data-id=\"f0cd2fe\" data-element_type=\"widget\" data-e-type=\"widget\" data-widget_type=\"heading.default\">\n\t\t\t\t\t<h2 class=\"elementor-heading-title elementor-size-default\">Avila Spaces nos Media<\/h2>\t\t\t\t<\/div>\n\t\t\t\t<div class=\"elementor-element elementor-element-ac74b6d elementor-widget elementor-widget-heading\" data-id=\"ac74b6d\" data-element_type=\"widget\" data-e-type=\"widget\" data-widget_type=\"heading.default\">\n\t\t\t\t\t<h5 class=\"elementor-heading-title elementor-size-default\">destaques na televis\u00e3o<\/h5>\t\t\t\t<\/div>\n\t\t\t\t<\/div>\n\t\t\t\t\t<\/div>\n\t\t\t\t<\/div>\n\t\t<div class=\"elementor-element elementor-element-6e41f71 e-flex e-con-boxed e-con e-parent\" data-id=\"6e41f71\" data-element_type=\"container\" data-e-type=\"container\" data-settings=\"{&quot;background_background&quot;:&quot;classic&quot;}\">\n\t\t\t\t\t<div class=\"e-con-inner\">\n\t\t<div class=\"elementor-element elementor-element-8e3cca2 e-con-full e-flex e-con e-child\" data-id=\"8e3cca2\" data-element_type=\"container\" data-e-type=\"container\">\n\t\t\t\t<div class=\"elementor-element elementor-element-1aba4ee elementor-widget elementor-widget-heading\" data-id=\"1aba4ee\" data-element_type=\"widget\" data-e-type=\"widget\" data-widget_type=\"heading.default\">\n\t\t\t\t\t<h5 class=\"elementor-heading-title elementor-size-default\">destaques nas not\u00edcias<\/h5>\t\t\t\t<\/div>\n\t\t\t\t<\/div>\n\t\t\t\t\t<\/div>\n\t\t\t\t<\/div>\n\t\t<div class=\"elementor-element elementor-element-dd31f51 e-flex e-con-boxed e-con e-parent\" data-id=\"dd31f51\" data-element_type=\"container\" data-e-type=\"container\">\n\t\t\t\t\t<div class=\"e-con-inner\">\n\t\t<div class=\"elementor-element elementor-element-1597fdc e-con-full e-flex e-con e-child\" data-id=\"1597fdc\" data-element_type=\"container\" data-e-type=\"container\">\n\t\t\t\t<div class=\"elementor-element elementor-element-dceba16 elementor-widget elementor-widget-heading\" data-id=\"dceba16\" data-element_type=\"widget\" data-e-type=\"widget\" data-widget_type=\"heading.default\">\n\t\t\t\t\t<h5 class=\"elementor-heading-title elementor-size-default\">kit de imprensa<\/h5>\t\t\t\t<\/div>\n\t\t\t\t<\/div>\n\t\t\t\t\t<\/div>\n\t\t\t\t<\/div>\n\t\t<div class=\"elementor-element elementor-element-9a8e44e e-flex e-con-boxed e-con e-parent\" data-id=\"9a8e44e\" data-element_type=\"container\" data-e-type=\"container\">\n\t\t\t\t\t<div class=\"e-con-inner\">\n\t\t<div class=\"elementor-element elementor-element-08f8226 e-con-full e-flex e-con e-child\" data-id=\"08f8226\" data-element_type=\"container\" data-e-type=\"container\">\n\t\t<div class=\"elementor-element elementor-element-7b0010f e-con-full e-flex e-con e-child\" data-id=\"7b0010f\" data-element_type=\"container\" data-e-type=\"container\" data-settings=\"{&quot;background_background&quot;:&quot;classic&quot;}\">\n\t\t\t\t<\/div>\n\t\t<div class=\"elementor-element elementor-element-0880d60 e-con-full e-flex e-con e-child\" data-id=\"0880d60\" data-element_type=\"container\" data-e-type=\"container\">\n\t\t\t\t<div class=\"elementor-element elementor-element-f1194be elementor-widget elementor-widget-heading\" data-id=\"f1194be\" data-element_type=\"widget\" data-e-type=\"widget\" data-widget_type=\"heading.default\">\n\t\t\t\t\t<div class=\"elementor-heading-title elementor-size-default\">Entrada dos Centros Empresariais Avila<\/div>\t\t\t\t<\/div>\n\t\t\t\t<div class=\"elementor-element elementor-element-a6c2581 elementor-widget elementor-widget-button\" data-id=\"a6c2581\" data-element_type=\"widget\" data-e-type=\"widget\" data-widget_type=\"button.default\">\n\t\t\t\t\t\t\t\t\t\t<a class=\"elementor-button elementor-button-link elementor-size-sm\" href=\"#\">\n\t\t\t\t\t\t<span class=\"elementor-button-content-wrapper\">\n\t\t\t\t\t\t\t\t\t<span class=\"elementor-button-text\">download<\/span>\n\t\t\t\t\t<\/span>\n\t\t\t\t\t<\/a>\n\t\t\t\t\t\t\t\t<\/div>\n\t\t\t\t<\/div>\n\t\t\t\t<\/div>\n\t\t<div class=\"elementor-element elementor-element-cc3e97d e-con-full e-flex e-con e-child\" data-id=\"cc3e97d\" data-element_type=\"container\" data-e-type=\"container\">\n\t\t<div class=\"elementor-element elementor-element-86a17bb e-con-full e-flex e-con e-child\" data-id=\"86a17bb\" data-element_type=\"container\" data-e-type=\"container\" data-settings=\"{&quot;background_background&quot;:&quot;classic&quot;}\">\n\t\t\t\t<\/div>\n\t\t<div class=\"elementor-element elementor-element-916c31b e-con-full e-flex e-con e-child\" data-id=\"916c31b\" data-element_type=\"container\" data-e-type=\"container\">\n\t\t\t\t<div class=\"elementor-element elementor-element-2412106 elementor-widget elementor-widget-heading\" data-id=\"2412106\" data-element_type=\"widget\" data-e-type=\"widget\" data-widget_type=\"heading.default\">\n\t\t\t\t\t<div class=\"elementor-heading-title elementor-size-default\">Salas de reuni\u00f5es<\/div>\t\t\t\t<\/div>\n\t\t\t\t<div class=\"elementor-element elementor-element-463bc9e elementor-widget elementor-widget-button\" data-id=\"463bc9e\" data-element_type=\"widget\" data-e-type=\"widget\" data-widget_type=\"button.default\">\n\t\t\t\t\t\t\t\t\t\t<a class=\"elementor-button elementor-button-link elementor-size-sm\" href=\"#\">\n\t\t\t\t\t\t<span class=\"elementor-button-content-wrapper\">\n\t\t\t\t\t\t\t\t\t<span class=\"elementor-button-text\">download<\/span>\n\t\t\t\t\t<\/span>\n\t\t\t\t\t<\/a>\n\t\t\t\t\t\t\t\t<\/div>\n\t\t\t\t<\/div>\n\t\t\t\t<\/div>\n\t\t<div class=\"elementor-element elementor-element-8e5ab4d e-con-full e-flex e-con e-child\" data-id=\"8e5ab4d\" data-element_type=\"container\" data-e-type=\"container\">\n\t\t<div class=\"elementor-element elementor-element-ae4dc50 e-con-full e-flex e-con e-child\" data-id=\"ae4dc50\" data-element_type=\"container\" data-e-type=\"container\" data-settings=\"{&quot;background_background&quot;:&quot;classic&quot;}\">\n\t\t\t\t<\/div>\n\t\t<div class=\"elementor-element elementor-element-f9d84db e-con-full e-flex e-con e-child\" data-id=\"f9d84db\" data-element_type=\"container\" data-e-type=\"container\">\n\t\t\t\t<div class=\"elementor-element elementor-element-4157222 elementor-widget elementor-widget-heading\" data-id=\"4157222\" data-element_type=\"widget\" data-e-type=\"widget\" data-widget_type=\"heading.default\">\n\t\t\t\t\t<div class=\"elementor-heading-title elementor-size-default\">Ambiente<\/div>\t\t\t\t<\/div>\n\t\t\t\t<div class=\"elementor-element elementor-element-d62d08d elementor-widget elementor-widget-button\" data-id=\"d62d08d\" data-element_type=\"widget\" data-e-type=\"widget\" data-widget_type=\"button.default\">\n\t\t\t\t\t\t\t\t\t\t<a class=\"elementor-button elementor-button-link elementor-size-sm\" href=\"#\">\n\t\t\t\t\t\t<span class=\"elementor-button-content-wrapper\">\n\t\t\t\t\t\t\t\t\t<span class=\"elementor-button-text\">download<\/span>\n\t\t\t\t\t<\/span>\n\t\t\t\t\t<\/a>\n\t\t\t\t\t\t\t\t<\/div>\n\t\t\t\t<\/div>\n\t\t\t\t<\/div>\n\t\t\t\t\t<\/div>\n\t\t\t\t<\/div>\n\t\t\t\t<\/div>\n\t\t","protected":false},"excerpt":{"rendered":"<p>Avila Spaces nos Media destaques na televis\u00e3o destaques nas not\u00edcias kit de imprensa Entrada dos Centros Empresariais Avila download Salas de reuni\u00f5es download Ambiente download<\/p>\n","protected":false},"author":1,"featured_media":0,"parent":0,"menu_order":0,"comment_status":"closed","ping_status":"closed","template":"elementor_header_footer","meta":{"_acf_changed":false,"inline_featured_image":false,"footnotes":""},"class_list":["post-4827","page","type-page","status-publish","hentry"],"acf":[],"_links":{"self":[{"href":"https:\/\/avilaspaces.com\/pt\/wp-json\/wp\/v2\/pages\/4827","targetHints":{"allow":["GET"]}}],"collection":[{"href":"https:\/\/avilaspaces.com\/pt\/wp-json\/wp\/v2\/pages"}],"about":[{"href":"https:\/\/avilaspaces.com\/pt\/wp-json\/wp\/v2\/types\/page"}],"author":[{"embeddable":true,"href":"https:\/\/avilaspaces.com\/pt\/wp-json\/wp\/v2\/users\/1"}],"replies":[{"embeddable":true,"href":"https:\/\/avilaspaces.com\/pt\/wp-json\/wp\/v2\/comments?post=4827"}],"version-history":[{"count":5,"href":"https:\/\/avilaspaces.com\/pt\/wp-json\/wp\/v2\/pages\/4827\/revisions"}],"predecessor-version":[{"id":5758,"href":"https:\/\/avilaspaces.com\/pt\/wp-json\/wp\/v2\/pages\/4827\/revisions\/5758"}],"wp:attachment":[{"href":"https:\/\/avilaspaces.com\/pt\/wp-json\/wp\/v2\/media?parent=4827"}],"curies":[{"name":"wp","href":"https:\/\/api.w.org\/{rel}","templated":true}]}}

<div data-elementor-type="wp-page" data-elementor-id="4827" class="elementor elementor-4827 elementor-58" data-elementor-post-type="page">
				<div class="elementor-element elementor-element-cb21201 e-flex e-con-boxed e-con e-parent" data-id="cb21201" data-element_type="container" data-e-type="container">
					<div class="e-con-inner">
		<div class="elementor-element elementor-element-9a07e2c e-con-full e-flex e-con e-child" data-id="9a07e2c" data-element_type="container" data-e-type="container">
				<div class="elementor-element elementor-element-f0cd2fe elementor-widget elementor-widget-heading" data-id="f0cd2fe" data-element_type="widget" data-e-type="widget" data-widget_type="heading.default">
					<h2 class="elementor-heading-title elementor-size-default">Avila Spaces nos Media</h2>				</div>
				<div class="elementor-element elementor-element-ac74b6d elementor-widget elementor-widget-heading" data-id="ac74b6d" data-element_type="widget" data-e-type="widget" data-widget_type="heading.default">
					<h5 class="elementor-heading-title elementor-size-default">destaques na televisão</h5>				</div>
				</div>
					</div>
				</div>
		<div class="elementor-element elementor-element-6e41f71 e-flex e-con-boxed e-con e-parent" data-id="6e41f71" data-element_type="container" data-e-type="container" data-settings="{&quot;background_background&quot;:&quot;classic&quot;}">
					<div class="e-con-inner">
		<div class="elementor-element elementor-element-8e3cca2 e-con-full e-flex e-con e-child" data-id="8e3cca2" data-element_type="container" data-e-type="container">
				<div class="elementor-element elementor-element-1aba4ee elementor-widget elementor-widget-heading" data-id="1aba4ee" data-element_type="widget" data-e-type="widget" data-widget_type="heading.default">
					<h5 class="elementor-heading-title elementor-size-default">destaques nas notícias</h5>				</div>
				</div>
					</div>
				</div>
		<div class="elementor-element elementor-element-dd31f51 e-flex e-con-boxed e-con e-parent" data-id="dd31f51" data-element_type="container" data-e-type="container">
					<div class="e-con-inner">
		<div class="elementor-element elementor-element-1597fdc e-con-full e-flex e-con e-child" data-id="1597fdc" data-element_type="container" data-e-type="container">
				<div class="elementor-element elementor-element-dceba16 elementor-widget elementor-widget-heading" data-id="dceba16" data-element_type="widget" data-e-type="widget" data-widget_type="heading.default">
					<h5 class="elementor-heading-title elementor-size-default">kit de imprensa</h5>				</div>
				</div>
					</div>
				</div>
		<div class="elementor-element elementor-element-9a8e44e e-flex e-con-boxed e-con e-parent" data-id="9a8e44e" data-element_type="container" data-e-type="container">
					<div class="e-con-inner">
		<div class="elementor-element elementor-element-08f8226 e-con-full e-flex e-con e-child" data-id="08f8226" data-element_type="container" data-e-type="container">
		<div class="elementor-element elementor-element-7b0010f e-con-full e-flex e-con e-child" data-id="7b0010f" data-element_type="container" data-e-type="container" data-settings="{&quot;background_background&quot;:&quot;classic&quot;}">
				</div>
		<div class="elementor-element elementor-element-0880d60 e-con-full e-flex e-con e-child" data-id="0880d60" data-element_type="container" data-e-type="container">
				<div class="elementor-element elementor-element-f1194be elementor-widget elementor-widget-heading" data-id="f1194be" data-element_type="widget" data-e-type="widget" data-widget_type="heading.default">
					<div class="elementor-heading-title elementor-size-default">Entrada dos Centros Empresariais Avila</div>				</div>
				<div class="elementor-element elementor-element-a6c2581 elementor-widget elementor-widget-button" data-id="a6c2581" data-element_type="widget" data-e-type="widget" data-widget_type="button.default">
										<a class="elementor-button elementor-button-link elementor-size-sm" href="#">
						<span class="elementor-button-content-wrapper">
									<span class="elementor-button-text">download</span>
					</span>
					</a>
								</div>
				</div>
				</div>
		<div class="elementor-element elementor-element-cc3e97d e-con-full e-flex e-con e-child" data-id="cc3e97d" data-element_type="container" data-e-type="container">
		<div class="elementor-element elementor-element-86a17bb e-con-full e-flex e-con e-child" data-id="86a17bb" data-element_type="container" data-e-type="container" data-settings="{&quot;background_background&quot;:&quot;classic&quot;}">
				</div>
		<div class="elementor-element elementor-element-916c31b e-con-full e-flex e-con e-child" data-id="916c31b" data-element_type="container" data-e-type="container">
				<div class="elementor-element elementor-element-2412106 elementor-widget elementor-widget-heading" data-id="2412106" data-element_type="widget" data-e-type="widget" data-widget_type="heading.default">
					<div class="elementor-heading-title elementor-size-default">Salas de reuniões</div>				</div>
				<div class="elementor-element elementor-element-463bc9e elementor-widget elementor-widget-button" data-id="463bc9e" data-element_type="widget" data-e-type="widget" data-widget_type="button.default">
										<a class="elementor-button elementor-button-link elementor-size-sm" href="#">
						<span class="elementor-button-content-wrapper">
									<span class="elementor-button-text">download</span>
					</span>
					</a>
								</div>
				</div>
				</div>
		<div class="elementor-element elementor-element-8e5ab4d e-con-full e-flex e-con e-child" data-id="8e5ab4d" data-element_type="container" data-e-type="container">
		<div class="elementor-element elementor-element-ae4dc50 e-con-full e-flex e-con e-child" data-id="ae4dc50" data-element_type="container" data-e-type="container" data-settings="{&quot;background_background&quot;:&quot;classic&quot;}">
				</div>
		<div class="elementor-element elementor-element-f9d84db e-con-full e-flex e-con e-child" data-id="f9d84db" data-element_type="container" data-e-type="container">
				<div class="elementor-element elementor-element-4157222 elementor-widget elementor-widget-heading" data-id="4157222" data-element_type="widget" data-e-type="widget" data-widget_type="heading.default">
					<div class="elementor-heading-title elementor-size-default">Ambiente</div>				</div>
				<div class="elementor-element elementor-element-d62d08d elementor-widget elementor-widget-button" data-id="d62d08d" data-element_type="widget" data-e-type="widget" data-widget_type="button.default">
										<a class="elementor-button elementor-button-link elementor-size-sm" href="#">
						<span class="elementor-button-content-wrapper">
									<span class="elementor-button-text">download</span>
					</span>
					</a>
								</div>
				</div>
				</div>
					</div>
				</div>
				</div>

<p>Avila Spaces nos Media destaques na televisão destaques nas notícias kit de imprensa Entrada dos Centros Empresariais Avila download Salas de reuniões download Ambiente download</p>
